{"id":5,"date":"2013-09-18T10:31:15","date_gmt":"2013-09-18T10:31:15","guid":{"rendered":"http:\/\/www.abcgps.net.pl\/blog\/?page_id=5"},"modified":"2013-09-18T10:31:15","modified_gmt":"2013-09-18T10:31:15","slug":"o-nas","status":"publish","type":"page","link":"https:\/\/www.abcgps.pl\/blog\/o-nas\/","title":{"rendered":"O nas"},"content":{"rendered":"<p>Od ponad 6 lat dzia\u0142amy na rynku GPS, od pocz\u0105tku promuj\u0105c niesamowite produkty marki Garmin. Na przestrzeni lat mo\u017cemy przyzna\u0107 \u017ce urz\u0105dzenia te zawsze s\u0105 liderami, czy to z uwagi na \u0142atwo\u015b\u0107 obs\u0142ugi czy jako\u015b\u0107 wykonania lub nowinki techniczne. Kupuj\u0105c je masz pewno\u015b\u0107 \u017ce obcujesz ze sprz\u0119tem z najwy\u017cszej p\u00f3\u0142ki.<\/p>\n<p>Nowo\u015bci Garmin zawsze ekscytuj\u0105 stale powi\u0119kszaj\u0105c grono fan\u00f3w tej marki. Szczeg\u00f3lnie \u017ce Garmin to od dawna o wiele wi\u0119cej ni\u017c standardowe nawigacje samochodowe.<\/p>\n<p>Przejrzyj nasz blog by zobaczy\u0107 na jak wiele sposob\u00f3w mo\u017cesz wykorzysta\u0107 system GPS i przede wszystkim dowiesz si\u0119 o wszystkich nowo\u015bciach. B\u0119dziemy dbali by\u015b u nas dowiedzia\u0142 si\u0119 o nich jako pierwszy.<\/p>\n<p>Jednocze\u015bnie zapraszamy na nasz\u0105 stron\u0119 garminplus.pl gdzie znajdziesz pe\u0142n\u0105 informacj\u0119 o produktach \u0142\u0105cznie ze wszystkimi szczeg\u00f3\u0142ami technicznymi.<\/p>\n<h4>Incoming search terms:<\/h4><ul><li>testingztlrYr84\\; waitfor delay \\0:0:15\\ --<\/li><li>testingOHsjs7Sk\\ OR 968=(SELECT 968 FROM PG_SLEEP(15))--<\/li><li>testingNgbkZPzh\\ OR 518=(SELECT 518 FROM PG_SLEEP(15))--<\/li><li>testinglFmVMeWp\\)) OR 743=(SELECT 743 FROM PG_SLEEP(15))--<\/li><li>testingJP1KsaVD\\; waitfor delay \\0:0:15\\ --<\/li><li>testinghRQ7rVeo<\/li><li>testing7Kes7bRm<\/li><li>testing0xUvZBVH\\ OR 634=(SELECT 634 FROM PG_SLEEP(15))--<\/li><li>testing0WhECOHO\\; waitfor delay \\0:0:15\\ --<\/li><li>testing0TRcsn88\\; waitfor delay \\0:0:15\\ --<\/li><\/ul>","protected":false},"excerpt":{"rendered":"<p>Od ponad 6 lat dzia\u0142amy na rynku GPS, od pocz\u0105tku promuj\u0105c niesamowite produkty marki Garmin. Na przestrzeni lat mo\u017cemy przyzna\u0107 \u017ce urz\u0105dzenia te zawsze s\u0105 liderami, czy to z uwagi na \u0142atwo\u015b\u0107 obs\u0142ugi czy jako\u015b\u0107 wykonania lub nowinki techniczne. Kupuj\u0105c &hellip; <a href=\"https:\/\/www.abcgps.pl\/blog\/o-nas\/\">Czytaj dalej <span class=\"meta-nav\">&rarr;<\/span><\/a><\/p>\n","protected":false},"author":1,"featured_media":0,"parent":0,"menu_order":0,"comment_status":"open","ping_status":"open","template":"","meta":{"footnotes":"","_links_to":"","_links_to_target":""},"class_list":["post-5","page","type-page","status-publish","hentry"],"_links":{"self":[{"href":"https:\/\/www.abcgps.pl\/blog\/wp-json\/wp\/v2\/pages\/5","targetHints":{"allow":["GET"]}}],"collection":[{"href":"https:\/\/www.abcgps.pl\/blog\/wp-json\/wp\/v2\/pages"}],"about":[{"href":"https:\/\/www.abcgps.pl\/blog\/wp-json\/wp\/v2\/types\/page"}],"author":[{"embeddable":true,"href":"https:\/\/www.abcgps.pl\/blog\/wp-json\/wp\/v2\/users\/1"}],"replies":[{"embeddable":true,"href":"https:\/\/www.abcgps.pl\/blog\/wp-json\/wp\/v2\/comments?post=5"}],"version-history":[{"count":3,"href":"https:\/\/www.abcgps.pl\/blog\/wp-json\/wp\/v2\/pages\/5\/revisions"}],"predecessor-version":[{"id":8,"href":"https:\/\/www.abcgps.pl\/blog\/wp-json\/wp\/v2\/pages\/5\/revisions\/8"}],"wp:attachment":[{"href":"https:\/\/www.abcgps.pl\/blog\/wp-json\/wp\/v2\/media?parent=5"}],"curies":[{"name":"wp","href":"https:\/\/api.w.org\/{rel}","templated":true}]}}